{"id":8,"date":"2014-08-11T11:19:50","date_gmt":"2014-08-11T09:19:50","guid":{"rendered":"http:\/\/www.ejw-oehringen.de\/wordpress\/?page_id=8"},"modified":"2026-01-13T10:30:03","modified_gmt":"2026-01-13T09:30:03","slug":"ueber-uns-kontakt","status":"publish","type":"page","link":"https:\/\/ejw-oehringen.de\/wordpress\/ueber-uns-kontakt\/","title":{"rendered":"\u00dcber uns \/ Kontakt"},"content":{"rendered":"\n<p><span class=\"bodyText\"><\/span><strong>Evangelisches Jugendwerk Bezirk \u00d6hringen &#8211; Die Gesch\u00e4ftsstelle<\/strong><\/p>\n\n\n\n<div class=\"wp-block-media-text alignwide\"><figure class=\"wp-block-media-text__media\"><img loading=\"lazy\" decoding=\"async\" width=\"1024\" height=\"768\" src=\"https:\/\/ejw-oehringen.de\/wordpress\/wp-content\/uploads\/2021\/05\/20210427_173337-1024x768.jpg\" alt=\"\" class=\"wp-image-2825 size-full\" srcset=\"https:\/\/ejw-oehringen.de\/wordpress\/wp-content\/uploads\/2021\/05\/20210427_173337-1024x768.jpg 1024w, https:\/\/ejw-oehringen.de\/wordpress\/wp-content\/uploads\/2021\/05\/20210427_173337-300x225.jpg 300w, https:\/\/ejw-oehringen.de\/wordpress\/wp-content\/uploads\/2021\/05\/20210427_173337-768x576.jpg 768w, https:\/\/ejw-oehringen.de\/wordpress\/wp-content\/uploads\/2021\/05\/20210427_173337-1536x1152.jpg 1536w, https:\/\/ejw-oehringen.de\/wordpress\/wp-content\/uploads\/2021\/05\/20210427_173337-2048x1536.jpg 2048w, https:\/\/ejw-oehringen.de\/wordpress\/wp-content\/uploads\/2021\/05\/20210427_173337-200x150.jpg 200w, https:\/\/ejw-oehringen.de\/wordpress\/wp-content\/uploads\/2021\/05\/20210427_173337-150x113.jpg 150w, https:\/\/ejw-oehringen.de\/wordpress\/wp-content\/uploads\/2021\/05\/20210427_173337-1320x990.jpg 1320w\" sizes=\"auto, (max-width: 1024px) 100vw, 1024px\" \/><\/figure><div class=\"wp-block-media-text__content\">\n<p><strong>Evangelisches Jugendwerk<br>Bezirk \u00d6hringen<\/strong><br>Hebelstr. 35&nbsp;<br>74613 \u00d6hringen&nbsp;<br>Telefon: 07941\/98311<br>E-Mail: <a href=\"mailto:info@ejw-oehringen.de\" target=\"_blank\" rel=\"noreferrer noopener\">info@ejw-oehringen.de<\/a><\/p>\n<\/div><\/div>\n\n\n\n<h2 class=\"wp-block-heading bodyText\">Folgende Menschen f\u00fcllen die Gesch\u00e4ftsstelle mit Leben<\/h2>\n\n\n\n<table id=\"tablepress-15\" class=\"tablepress tablepress-id-15\">\n<tbody class=\"row-striping row-hover\">\n<tr class=\"row-1\">\n\t<td class=\"column-1\"><a href=\"https:\/\/ejw-oehringen.de\/wordpress\/wp-content\/uploads\/2024\/03\/Aline.jpg\"><br \/>\n<img loading=\"lazy\" decoding=\"async\" src=\"https:\/\/ejw-oehringen.de\/wordpress\/wp-content\/uploads\/2024\/03\/Aline.jpg\" alt=\"\" width=\"250\" height=\"150\" class=\"alignnone size-thumbnail wp-image-393\"\/><\/a><br \/>\nJugendreferentin Aline Bareiro Cuellar<br \/>\n<a href=\"mailto:aline.bareiro.cuellar@ejw-oehringen.de\">aline.bareiro.cuellar@ejw-oehringen.de<\/a><br \/>\n<\/td><td class=\"column-2\"><br \/>\n<a href=\"https:\/\/www.ejw-oehringen.de\/wordpress\/wp-content\/uploads\/2018\/09\/Manuel-Hamann.jpg\"><img loading=\"lazy\" decoding=\"async\" src=\"https:\/\/www.ejw-oehringen.de\/wordpress\/wp-content\/uploads\/2018\/09\/Manuel-Hamann.jpg\" alt=\"\" width=\"250\" height=\"150\" class=\"alignnone size-thumbnail wp-image-393\"\/><\/a><br \/>\nJugendreferent Manuel Hamann <br \/>\n<a href=\"mailto:manuel.hamann@ejw-oehringen.de\">manuel.hamann@ejw-oehringen.de<\/a><\/td>\n<\/tr>\n<tr class=\"row-2\">\n\t<td class=\"column-1\"><a href=\"https:\/\/ejw-oehringen.de\/wordpress\/wp-content\/uploads\/2024\/04\/Julia-scaled.jpg\"><img loading=\"lazy\" decoding=\"async\" src=\"https:\/\/ejw-oehringen.de\/wordpress\/wp-content\/uploads\/2024\/04\/Julia-200x300.jpg\" alt=\"\" width=\"200\" height=\"300\" class=\"alignnone size-medium wp-image-4136\" srcset=\"https:\/\/ejw-oehringen.de\/wordpress\/wp-content\/uploads\/2024\/04\/Julia-200x300.jpg 200w, https:\/\/ejw-oehringen.de\/wordpress\/wp-content\/uploads\/2024\/04\/Julia-683x1024.jpg 683w, https:\/\/ejw-oehringen.de\/wordpress\/wp-content\/uploads\/2024\/04\/Julia-768x1152.jpg 768w, https:\/\/ejw-oehringen.de\/wordpress\/wp-content\/uploads\/2024\/04\/Julia-1024x1536.jpg 1024w, https:\/\/ejw-oehringen.de\/wordpress\/wp-content\/uploads\/2024\/04\/Julia-1365x2048.jpg 1365w, https:\/\/ejw-oehringen.de\/wordpress\/wp-content\/uploads\/2024\/04\/Julia-100x150.jpg 100w, https:\/\/ejw-oehringen.de\/wordpress\/wp-content\/uploads\/2024\/04\/Julia-1320x1980.jpg 1320w, https:\/\/ejw-oehringen.de\/wordpress\/wp-content\/uploads\/2024\/04\/Julia-scaled.jpg 1707w\" sizes=\"auto, (max-width: 200px) 100vw, 200px\" \/><\/a><br \/>\nVerwaltungsangestellte Julia Stang<br \/>\n<a href=\"mailto:julia.stang@ejw-oehringen.de\">julia.stang@ejw-oehringen.de<\/a><\/td><td class=\"column-2\"><\/td>\n<\/tr>\n<tr class=\"row-3\">\n\t<td class=\"column-1\"><a href=\"https:\/\/www.ejw-oehringen.de\/wordpress\/wp-content\/uploads\/2018\/09\/Dorothea.jpg\"><img loading=\"lazy\" decoding=\"async\" src=\"https:\/\/www.ejw-oehringen.de\/wordpress\/wp-content\/uploads\/2018\/09\/Dorothea.jpg\" alt=\"\" width=\"200\" height=\"300\" class=\"alignnone size-full wp-image-394\"\/><\/a><br \/>\n1. Vorsitzende Dorothea F\u00e4rber<br \/>\n<a href=\"mailto:dorothea.faerber@ejw-oehringen.de\">dorothea.faerber@ejw-oehringen.de<\/a><\/td><td class=\"column-2\"><a href=\"https:\/\/ejw-oehringen.de\/wordpress\/wp-content\/uploads\/2025\/05\/MarcelWurst-scaled-e1746977919989.jpg\"><img loading=\"lazy\" decoding=\"async\" src=\"https:\/\/ejw-oehringen.de\/wordpress\/wp-content\/uploads\/2025\/05\/MarcelWurst-scaled-e1746977919989.jpg\" alt=\"\" width=\"200\" height=\"300\" class=\"alignnone size-full wp-image-394\"\/><\/a><br \/>\n2. Vorsitzender Marcel Wurst<br \/>\n<a href=\"mailto:marcel.wurst@outlook.de\">marcel.wurst@outlook.de<\/a><\/td>\n<\/tr>\n<\/tbody>\n<\/table>\n<!-- #tablepress-15 from cache -->\n\n\n\n<h2 class=\"wp-block-heading bodyText\">Was hier geschieht?<\/h2>\n\n\n\n<p class=\"bodyText\">Die Geschaeftsstelle ist das B\u00fcro des Jugendwerks, aber in erster Linie ein Treffpunkt, um zu Planen und Ideen zu entwicklen. Die Freiwilligen des Jugendwerks wohnen, es treffen sich Teams und Arbeitskreise, die f\u00fcr Kinder und Jugendliche etwas gestalten und bewirken wollen. Das Haus will offen sein f\u00fcr Menschen und Ideen.<\/p>\n\n\n\n<p class=\"bodyText\">Die Geschaeftsstelle ist au\u00dferdem f\u00fcr die Planung und Verwaltung der Aktionen des Jugendwerks zustaendig, wie zum Beispiel die Erstellung eines Freizeitprospektes, das Verschicken von Anmeldeformularen u.v.a.<\/p>\n\n\n\n<p class=\"bodyText\">Im Untergescho\u00df der Geschaeftsstelle befindet sich das Materiallager.<\/p>\n","protected":false},"excerpt":{"rendered":"<p>Evangelisches Jugendwerk Bezirk \u00d6hringen &#8211; Die Gesch\u00e4ftsstelle Evangelisches JugendwerkBezirk \u00d6hringenHebelstr. 35&nbsp;74613 \u00d6hringen&nbsp;Telefon: 07941\/98311E-Mail: info@ejw-oehringen.de Folgende Menschen f\u00fcllen die Gesch\u00e4ftsstelle mit Leben Was hier geschieht? Die Geschaeftsstelle ist das B\u00fcro des Jugendwerks, aber in erster Linie ein Treffpunkt, um zu Planen und Ideen zu entwicklen. Die Freiwilligen des Jugendwerks wohnen, es\u2026 <a class=\"continue-reading-link\" href=\"https:\/\/ejw-oehringen.de\/wordpress\/ueber-uns-kontakt\/\">Continue reading<\/a><\/p>\n","protected":false},"author":1,"featured_media":0,"parent":0,"menu_order":0,"comment_status":"closed","ping_status":"closed","template":"","meta":{"ngg_post_thumbnail":0,"footnotes":""},"class_list":["post-8","page","type-page","status-publish","hentry"],"_links":{"self":[{"href":"https:\/\/ejw-oehringen.de\/wordpress\/wp-json\/wp\/v2\/pages\/8","targetHints":{"allow":["GET"]}}],"collection":[{"href":"https:\/\/ejw-oehringen.de\/wordpress\/wp-json\/wp\/v2\/pages"}],"about":[{"href":"https:\/\/ejw-oehringen.de\/wordpress\/wp-json\/wp\/v2\/types\/page"}],"author":[{"embeddable":true,"href":"https:\/\/ejw-oehringen.de\/wordpress\/wp-json\/wp\/v2\/users\/1"}],"replies":[{"embeddable":true,"href":"https:\/\/ejw-oehringen.de\/wordpress\/wp-json\/wp\/v2\/comments?post=8"}],"version-history":[{"count":18,"href":"https:\/\/ejw-oehringen.de\/wordpress\/wp-json\/wp\/v2\/pages\/8\/revisions"}],"predecessor-version":[{"id":4691,"href":"https:\/\/ejw-oehringen.de\/wordpress\/wp-json\/wp\/v2\/pages\/8\/revisions\/4691"}],"wp:attachment":[{"href":"https:\/\/ejw-oehringen.de\/wordpress\/wp-json\/wp\/v2\/media?parent=8"}],"curies":[{"name":"wp","href":"https:\/\/api.w.org\/{rel}","templated":true}]}}

Über uns / Kontakt

<p><span class="bodyText"></span><strong>Evangelisches Jugendwerk Bezirk Öhringen &#8211; Die Geschäftsstelle</strong></p>



<div class="wp-block-media-text alignwide"><figure class="wp-block-media-text__media"><img loading="lazy" decoding="async" width="1024" height="768" src="https://ejw-oehringen.de/wordpress/wp-content/uploads/2021/05/20210427_173337-1024x768.jpg" alt="" class="wp-image-2825 size-full" srcset="https://ejw-oehringen.de/wordpress/wp-content/uploads/2021/05/20210427_173337-1024x768.jpg 1024w, https://ejw-oehringen.de/wordpress/wp-content/uploads/2021/05/20210427_173337-300x225.jpg 300w, https://ejw-oehringen.de/wordpress/wp-content/uploads/2021/05/20210427_173337-768x576.jpg 768w, https://ejw-oehringen.de/wordpress/wp-content/uploads/2021/05/20210427_173337-1536x1152.jpg 1536w, https://ejw-oehringen.de/wordpress/wp-content/uploads/2021/05/20210427_173337-2048x1536.jpg 2048w, https://ejw-oehringen.de/wordpress/wp-content/uploads/2021/05/20210427_173337-200x150.jpg 200w, https://ejw-oehringen.de/wordpress/wp-content/uploads/2021/05/20210427_173337-150x113.jpg 150w, https://ejw-oehringen.de/wordpress/wp-content/uploads/2021/05/20210427_173337-1320x990.jpg 1320w" sizes="auto, (max-width: 1024px) 100vw, 1024px" /></figure><div class="wp-block-media-text__content">
<p><strong>Evangelisches Jugendwerk<br>Bezirk Öhringen</strong><br>Hebelstr. 35&nbsp;<br>74613 Öhringen&nbsp;<br>Telefon: 07941/98311<br>E-Mail: <a href="mailto:info@ejw-oehringen.de" target="_blank" rel="noreferrer noopener">info@ejw-oehringen.de</a></p>
</div></div>



<h2 class="wp-block-heading bodyText">Folgende Menschen füllen die Geschäftsstelle mit Leben</h2>



<table id="tablepress-15" class="tablepress tablepress-id-15">
<tbody class="row-striping row-hover">
<tr class="row-1">
	<td class="column-1"><a href="https://ejw-oehringen.de/wordpress/wp-content/uploads/2024/03/Aline.jpg"><br />
<img loading="lazy" decoding="async" src="https://ejw-oehringen.de/wordpress/wp-content/uploads/2024/03/Aline.jpg" alt="" width="250" height="150" class="alignnone size-thumbnail wp-image-393"/></a><br />
Jugendreferentin Aline Bareiro Cuellar<br />
<a href="mailto:aline.bareiro.cuellar@ejw-oehringen.de">aline.bareiro.cuellar@ejw-oehringen.de</a><br />
</td><td class="column-2"><br />
<a href="https://www.ejw-oehringen.de/wordpress/wp-content/uploads/2018/09/Manuel-Hamann.jpg"><img loading="lazy" decoding="async" src="https://www.ejw-oehringen.de/wordpress/wp-content/uploads/2018/09/Manuel-Hamann.jpg" alt="" width="250" height="150" class="alignnone size-thumbnail wp-image-393"/></a><br />
Jugendreferent Manuel Hamann <br />
<a href="mailto:manuel.hamann@ejw-oehringen.de">manuel.hamann@ejw-oehringen.de</a></td>
</tr>
<tr class="row-2">
	<td class="column-1"><a href="https://ejw-oehringen.de/wordpress/wp-content/uploads/2024/04/Julia-scaled.jpg"><img loading="lazy" decoding="async" src="https://ejw-oehringen.de/wordpress/wp-content/uploads/2024/04/Julia-200x300.jpg" alt="" width="200" height="300" class="alignnone size-medium wp-image-4136" srcset="https://ejw-oehringen.de/wordpress/wp-content/uploads/2024/04/Julia-200x300.jpg 200w, https://ejw-oehringen.de/wordpress/wp-content/uploads/2024/04/Julia-683x1024.jpg 683w, https://ejw-oehringen.de/wordpress/wp-content/uploads/2024/04/Julia-768x1152.jpg 768w, https://ejw-oehringen.de/wordpress/wp-content/uploads/2024/04/Julia-1024x1536.jpg 1024w, https://ejw-oehringen.de/wordpress/wp-content/uploads/2024/04/Julia-1365x2048.jpg 1365w, https://ejw-oehringen.de/wordpress/wp-content/uploads/2024/04/Julia-100x150.jpg 100w, https://ejw-oehringen.de/wordpress/wp-content/uploads/2024/04/Julia-1320x1980.jpg 1320w, https://ejw-oehringen.de/wordpress/wp-content/uploads/2024/04/Julia-scaled.jpg 1707w" sizes="auto, (max-width: 200px) 100vw, 200px" /></a><br />
Verwaltungsangestellte Julia Stang<br />
<a href="mailto:julia.stang@ejw-oehringen.de">julia.stang@ejw-oehringen.de</a></td><td class="column-2"></td>
</tr>
<tr class="row-3">
	<td class="column-1"><a href="https://www.ejw-oehringen.de/wordpress/wp-content/uploads/2018/09/Dorothea.jpg"><img loading="lazy" decoding="async" src="https://www.ejw-oehringen.de/wordpress/wp-content/uploads/2018/09/Dorothea.jpg" alt="" width="200" height="300" class="alignnone size-full wp-image-394"/></a><br />
1. Vorsitzende Dorothea Färber<br />
<a href="mailto:dorothea.faerber@ejw-oehringen.de">dorothea.faerber@ejw-oehringen.de</a></td><td class="column-2"><a href="https://ejw-oehringen.de/wordpress/wp-content/uploads/2025/05/MarcelWurst-scaled-e1746977919989.jpg"><img loading="lazy" decoding="async" src="https://ejw-oehringen.de/wordpress/wp-content/uploads/2025/05/MarcelWurst-scaled-e1746977919989.jpg" alt="" width="200" height="300" class="alignnone size-full wp-image-394"/></a><br />
2. Vorsitzender Marcel Wurst<br />
<a href="mailto:marcel.wurst@outlook.de">marcel.wurst@outlook.de</a></td>
</tr>
</tbody>
</table>
<!-- #tablepress-15 from cache -->



<h2 class="wp-block-heading bodyText">Was hier geschieht?</h2>



<p class="bodyText">Die Geschaeftsstelle ist das Büro des Jugendwerks, aber in erster Linie ein Treffpunkt, um zu Planen und Ideen zu entwicklen. Die Freiwilligen des Jugendwerks wohnen, es treffen sich Teams und Arbeitskreise, die für Kinder und Jugendliche etwas gestalten und bewirken wollen. Das Haus will offen sein für Menschen und Ideen.</p>



<p class="bodyText">Die Geschaeftsstelle ist außerdem für die Planung und Verwaltung der Aktionen des Jugendwerks zustaendig, wie zum Beispiel die Erstellung eines Freizeitprospektes, das Verschicken von Anmeldeformularen u.v.a.</p>



<p class="bodyText">Im Untergeschoß der Geschaeftsstelle befindet sich das Materiallager.</p>

<p>Evangelisches Jugendwerk Bezirk Öhringen &#8211; Die Geschäftsstelle Evangelisches JugendwerkBezirk ÖhringenHebelstr. 35&nbsp;74613 Öhringen&nbsp;Telefon: 07941/98311E-Mail: info@ejw-oehringen.de Folgende Menschen füllen die Geschäftsstelle mit Leben Was hier geschieht? Die Geschaeftsstelle ist das Büro des Jugendwerks, aber in erster Linie ein Treffpunkt, um zu Planen und Ideen zu entwicklen. Die Freiwilligen des Jugendwerks wohnen, es… <a class="continue-reading-link" href="https://ejw-oehringen.de/wordpress/ueber-uns-kontakt/">Continue reading</a></p>
