{"id":2,"date":"2014-08-11T09:05:35","date_gmt":"2014-08-11T09:05:35","guid":{"rendered":"http:\/\/www.ejw-oehringen.de\/wordpress\/?page_id=2"},"modified":"2025-05-27T09:09:56","modified_gmt":"2025-05-27T07:09:56","slug":"beispiel-seite","status":"publish","type":"page","link":"https:\/\/ejw-oehringen.de\/wordpress\/","title":{"rendered":"Herzlich Willkommen!"},"content":{"rendered":"\n<p>Wir begr\u00fc\u00dfen Euch auf der Website des Evangelischen Jugendwerks Bezirk \u00d6hringen und w\u00fcnschen Euch viel Spa\u00df beim Surfen durch unsere Seiten!!! Euer EJ\u00d6 Team <\/p>\n\n\n\n<hr class=\"wp-block-separator has-alpha-channel-opacity\"\/>\n\n\n<p><iframe src=\"https:\/\/ejoe-ejkuen.amosweb.de\/reg\/eventIFrame?id=2367&#038;token=vxDegrGsQPEAs0ygvFf4BETMI6BI9h&#038;randomId=07ad5314-197d-4704-bea9-8f2f308ed93e\" id=\"events-iframe-07ad5314-197d-4704-bea9-8f2f308ed93e\" title=\"Termine Website\" style=\"border: 0; width:100%; height: 0;\"><\/iframe><script>document.addEventListener(\"DOMContentLoaded\", function(event) { var iFrame = document.getElementById(\"events-iframe-07ad5314-197d-4704-bea9-8f2f308ed93e\"); var triggerOffset = 200; iFrame.src = iFrame.src+\"&\"+window.location.search.substr(1)+\"&parentUrl=\"+window.location.href; listenToHeightChangeMessagesFromIFrame(); loadNextPagesUntilUserHasEnoughContentToScroll(); handleScrolling(); function listenToHeightChangeMessagesFromIFrame(){ window.addEventListener('message', function (event) { var message = event.data; if (message.source === \"events-iframe-07ad5314-197d-4704-bea9-8f2f308ed93e\" && message.height != null) iFrame.style.height = message.height + 'px'; }); } function loadNextPagesUntilUserHasEnoughContentToScroll(){ window.addEventListener('message', function (event) { var message = event.data; if (message.source === \"events-iframe-07ad5314-197d-4704-bea9-8f2f308ed93e\" && message.iFrameLoaded) { setInterval(() => { if (window.innerHeight >= document.body.clientHeight - triggerOffset) { requestMoreEvents(); } }, 1000) } }); } function handleScrolling(){ window.addEventListener(\"scroll\", function () { var bottomOfIFrameReached = window.innerHeight >= iFrame.getBoundingClientRect().bottom - triggerOffset; if (bottomOfIFrameReached) { requestMoreEvents(); } }) } function requestMoreEvents(){ iFrame.contentWindow.postMessage({loadMoreEvents: true, source: \"parent-events-window\"}, '*'); }});<\/script><\/p>\n\n\n<hr class=\"wp-block-separator has-css-opacity\"\/>\n\n\n\n<div class=\"wp-block-group\"><div class=\"wp-block-group__inner-container is-layout-flow wp-block-group-is-layout-flow\">\n<figure class=\"wp-block-gallery has-nested-images columns-default is-cropped wp-block-gallery-1 is-layout-flex wp-block-gallery-is-layout-flex\">\n<figure class=\"wp-block-image size-large is-style-default\"><a href=\"https:\/\/ejw-oehringen.de\/wordpress\/wp-content\/uploads\/2023\/10\/NewsA7quervorne.jpg\"><img loading=\"lazy\" decoding=\"async\" width=\"1024\" height=\"727\" data-id=\"3852\" src=\"https:\/\/ejw-oehringen.de\/wordpress\/wp-content\/uploads\/2023\/10\/NewsA7quervorne-1024x727.jpg\" alt=\"\" class=\"wp-image-3852\" srcset=\"https:\/\/ejw-oehringen.de\/wordpress\/wp-content\/uploads\/2023\/10\/NewsA7quervorne-1024x727.jpg 1024w, https:\/\/ejw-oehringen.de\/wordpress\/wp-content\/uploads\/2023\/10\/NewsA7quervorne-300x213.jpg 300w, https:\/\/ejw-oehringen.de\/wordpress\/wp-content\/uploads\/2023\/10\/NewsA7quervorne-768x546.jpg 768w, https:\/\/ejw-oehringen.de\/wordpress\/wp-content\/uploads\/2023\/10\/NewsA7quervorne-211x150.jpg 211w, https:\/\/ejw-oehringen.de\/wordpress\/wp-content\/uploads\/2023\/10\/NewsA7quervorne-150x107.jpg 150w, https:\/\/ejw-oehringen.de\/wordpress\/wp-content\/uploads\/2023\/10\/NewsA7quervorne.jpg 1264w\" sizes=\"auto, (max-width: 1024px) 100vw, 1024px\" \/><\/a><\/figure>\n<\/figure>\n<\/div><\/div>\n\n\n\n<hr class=\"wp-block-separator has-alpha-channel-opacity\"\/>\n","protected":false},"excerpt":{"rendered":"<p>Wir begr\u00fc\u00dfen Euch auf der Website des Evangelischen Jugendwerks Bezirk \u00d6hringen und w\u00fcnschen Euch viel Spa\u00df beim Surfen durch unsere Seiten!!! Euer EJ\u00d6 Team <a class=\"continue-reading-link\" href=\"https:\/\/ejw-oehringen.de\/wordpress\/\">Continue reading<\/a><\/p>\n","protected":false},"author":1,"featured_media":0,"parent":0,"menu_order":1,"comment_status":"closed","ping_status":"closed","template":"","meta":{"ngg_post_thumbnail":0,"footnotes":""},"class_list":["post-2","page","type-page","status-publish","hentry"],"_links":{"self":[{"href":"https:\/\/ejw-oehringen.de\/wordpress\/wp-json\/wp\/v2\/pages\/2","targetHints":{"allow":["GET"]}}],"collection":[{"href":"https:\/\/ejw-oehringen.de\/wordpress\/wp-json\/wp\/v2\/pages"}],"about":[{"href":"https:\/\/ejw-oehringen.de\/wordpress\/wp-json\/wp\/v2\/types\/page"}],"author":[{"embeddable":true,"href":"https:\/\/ejw-oehringen.de\/wordpress\/wp-json\/wp\/v2\/users\/1"}],"replies":[{"embeddable":true,"href":"https:\/\/ejw-oehringen.de\/wordpress\/wp-json\/wp\/v2\/comments?post=2"}],"version-history":[{"count":114,"href":"https:\/\/ejw-oehringen.de\/wordpress\/wp-json\/wp\/v2\/pages\/2\/revisions"}],"predecessor-version":[{"id":4497,"href":"https:\/\/ejw-oehringen.de\/wordpress\/wp-json\/wp\/v2\/pages\/2\/revisions\/4497"}],"wp:attachment":[{"href":"https:\/\/ejw-oehringen.de\/wordpress\/wp-json\/wp\/v2\/media?parent=2"}],"curies":[{"name":"wp","href":"https:\/\/api.w.org\/{rel}","templated":true}]}}