{"id":10,"date":"2014-08-11T11:20:14","date_gmt":"2014-08-11T09:20:14","guid":{"rendered":"http:\/\/www.ejw-oehringen.de\/wordpress\/?page_id=10"},"modified":"2022-01-05T17:22:34","modified_gmt":"2022-01-05T16:22:34","slug":"kirchenbezirk","status":"publish","type":"page","link":"https:\/\/ejw-oehringen.de\/wordpress\/ueber-uns-kontakt\/kirchenbezirk\/","title":{"rendered":"Kirchenbezirk"},"content":{"rendered":"<h3><span class=\"sidebarHeader\">Der Bezirk \u00d6hringen umfasst etwa 30.600 Gemeindeglieder in folgenden Kirchengemeinden:<\/span><\/h3>\n<p><span class=\"Stil58\"><span class=\"Stil58\">Schuldekanat, Kirchengemeinden \u00d6hringen, Adolzfurt-Scheppach, Baumerlenbach-M\u00f6glingen, Eschental, Ernsbach, Forchtenberg, Kirchensall, Kupferzell, Langenbeutingen, Neuenstein, Ohrnberg, Orendelsall, Pfedelbach, Sindringen, Untersteinbach, Waldenburg, Zweiflingen, Tiefensall, Eschelbach-Kesselfeld, Michelbach a.W.<br \/>\n<\/span><\/span><\/p>\n<p><a href=\"https:\/\/ejw-oehringen.de\/wordpress\/wp-content\/uploads\/2019\/01\/Kirchenbezirk.jpg\"><img loading=\"lazy\" decoding=\"async\" class=\"alignnone size-large wp-image-1450\" src=\"https:\/\/ejw-oehringen.de\/wordpress\/wp-content\/uploads\/2019\/01\/Kirchenbezirk-1024x724.jpg\" alt=\"\" width=\"800\" height=\"566\" srcset=\"https:\/\/ejw-oehringen.de\/wordpress\/wp-content\/uploads\/2019\/01\/Kirchenbezirk-1024x724.jpg 1024w, https:\/\/ejw-oehringen.de\/wordpress\/wp-content\/uploads\/2019\/01\/Kirchenbezirk-300x212.jpg 300w, https:\/\/ejw-oehringen.de\/wordpress\/wp-content\/uploads\/2019\/01\/Kirchenbezirk-768x543.jpg 768w, https:\/\/ejw-oehringen.de\/wordpress\/wp-content\/uploads\/2019\/01\/Kirchenbezirk-212x150.jpg 212w, https:\/\/ejw-oehringen.de\/wordpress\/wp-content\/uploads\/2019\/01\/Kirchenbezirk-150x106.jpg 150w, https:\/\/ejw-oehringen.de\/wordpress\/wp-content\/uploads\/2019\/01\/Kirchenbezirk-1320x933.jpg 1320w\" sizes=\"auto, (max-width: 800px) 100vw, 800px\" \/><\/a><\/p>\n<p><a href=\"https:\/\/ejw-oehringen.de\/wordpress\/wp-content\/uploads\/2019\/01\/2018-11Distriktkarte.jpg\"><img loading=\"lazy\" decoding=\"async\" class=\"alignnone size-full wp-image-1451\" src=\"https:\/\/ejw-oehringen.de\/wordpress\/wp-content\/uploads\/2019\/01\/2018-11Distriktkarte.jpg\" alt=\"\" width=\"765\" height=\"556\" srcset=\"https:\/\/ejw-oehringen.de\/wordpress\/wp-content\/uploads\/2019\/01\/2018-11Distriktkarte.jpg 765w, https:\/\/ejw-oehringen.de\/wordpress\/wp-content\/uploads\/2019\/01\/2018-11Distriktkarte-300x218.jpg 300w, https:\/\/ejw-oehringen.de\/wordpress\/wp-content\/uploads\/2019\/01\/2018-11Distriktkarte-206x150.jpg 206w, https:\/\/ejw-oehringen.de\/wordpress\/wp-content\/uploads\/2019\/01\/2018-11Distriktkarte-150x109.jpg 150w\" sizes=\"auto, (max-width: 765px) 100vw, 765px\" \/><\/a><\/p>\n","protected":false},"excerpt":{"rendered":"<p>Der Bezirk \u00d6hringen umfasst etwa 30.600 Gemeindeglieder in folgenden Kirchengemeinden: Schuldekanat, Kirchengemeinden \u00d6hringen, Adolzfurt-Scheppach, Baumerlenbach-M\u00f6glingen, Eschental, Ernsbach, Forchtenberg, Kirchensall, Kupferzell, Langenbeutingen, Neuenstein, Ohrnberg, Orendelsall, Pfedelbach, Sindringen, Untersteinbach, Waldenburg, Zweiflingen, Tiefensall, Eschelbach-Kesselfeld, Michelbach a.W. <a class=\"continue-reading-link\" href=\"https:\/\/ejw-oehringen.de\/wordpress\/ueber-uns-kontakt\/kirchenbezirk\/\">Continue reading<\/a><\/p>\n","protected":false},"author":1,"featured_media":0,"parent":8,"menu_order":1,"comment_status":"closed","ping_status":"closed","template":"","meta":{"ngg_post_thumbnail":0,"footnotes":""},"class_list":["post-10","page","type-page","status-publish","hentry"],"_links":{"self":[{"href":"https:\/\/ejw-oehringen.de\/wordpress\/wp-json\/wp\/v2\/pages\/10","targetHints":{"allow":["GET"]}}],"collection":[{"href":"https:\/\/ejw-oehringen.de\/wordpress\/wp-json\/wp\/v2\/pages"}],"about":[{"href":"https:\/\/ejw-oehringen.de\/wordpress\/wp-json\/wp\/v2\/types\/page"}],"author":[{"embeddable":true,"href":"https:\/\/ejw-oehringen.de\/wordpress\/wp-json\/wp\/v2\/users\/1"}],"replies":[{"embeddable":true,"href":"https:\/\/ejw-oehringen.de\/wordpress\/wp-json\/wp\/v2\/comments?post=10"}],"version-history":[{"count":10,"href":"https:\/\/ejw-oehringen.de\/wordpress\/wp-json\/wp\/v2\/pages\/10\/revisions"}],"predecessor-version":[{"id":3092,"href":"https:\/\/ejw-oehringen.de\/wordpress\/wp-json\/wp\/v2\/pages\/10\/revisions\/3092"}],"up":[{"embeddable":true,"href":"https:\/\/ejw-oehringen.de\/wordpress\/wp-json\/wp\/v2\/pages\/8"}],"wp:attachment":[{"href":"https:\/\/ejw-oehringen.de\/wordpress\/wp-json\/wp\/v2\/media?parent=10"}],"curies":[{"name":"wp","href":"https:\/\/api.w.org\/{rel}","templated":true}]}}